g = -40 + 90. Suppose l = 3*l - g. What is the remainder when l is divided by r?
7
Let y = -161 - -259. Calculate the remainder when y is divided by 1 + 26 - 2/1.
23
Let n(l) = 13*l - 8. Calculate the remainder when n(6) is divided by 12.
10
Let f(k) = -k**3 + 4*k**2 + 1. Suppose 0 = -0*h - 4*h + 24. What is the remainder when f(3) is divided by h?
4
Let j(u) = 2*u**2 + 4*u. Let d = -64 + 128. Suppose -6*a + d = -2*a. Calculate the remainder when j(3) is divided by a.
14
Suppose -4*a + 9*a - 16 = -3*m, -a - 6 = -4*m. Calculate the remainder when 11 is divided by m.
1
Let q = -1 - -5. Let w(b) = b**3 - 4*b**2 - 2*b + 4. Let k be w(4). Let h = -2 - k. What is the remainder when q is divided by h?
0
Let q(l) = 15*l**3 + 3*l**2 - 2*l. What is the remainder when q(2) is divided by 26?
24
Suppose -21 = 4*q + 7. Let t(c) = c**3 + 6*c**2 - 10*c - 5. Suppose 6 = -4*s - 2, -116 = -4*r - 2*s. What is the remainder when r is divided by t(q)?
14
Suppose j = -4*j + 215. Calculate the remainder when j is divided by 11.
10
Let c = -5 - -7. Suppose -136 = -5*t - c*n, -81 = -3*t - 0*t - n. What is the remainder when t is divided by 7?
5
Let r = 3 - -19. Calculate the remainder when 86 is divided by r.
20
Let o = 0 + 5. Calculate the remainder when 24/(-18)*(-63)/6 is divided by o.
4
Suppose 3*y + 5 = -5*h, -5*h - 10 = y + y. What is the remainder when 64 is divided by y?
4
What is the remainder when ((-26)/(-4))/((-4)/(-72)) is divided by 30?
27
Let s = -160 + 339. What is the remainder when s is divided by 36?
35
Suppose 7 = -5*y + 112. What is the remainder when y is divided by 13?
8
Let o = 9 - 4. Calculate the remainder when 28 is divided by o.
3
Let o = -29 - -51. What is the remainder when -1 - 574/(-9) - (-4)/18 is divided by o?
19
Suppose 9 = -z + 3*j, 12 = 2*z + j + 2. Suppose -d = 2*q + 3 - 9, 6 = -z*d + 2*q. Suppose d = i - 6 + 1. Calculate the remainder when i is divided by 3.
2
Let d(m) = m**3 - 4*m + 3. Let g be d(2). Suppose 4 = 3*b + 5*i, -5*b = i - 0*i + 8. Let s = g + b. Calculate the remainder when 2 is divided by s.
0
Calculate the remainder when 14 is divided by (-9)/3*(5 - 4 - 4).
5
Suppose 6*u - 196 = 2*u. Calculate the remainder when u is divided by 13.
10
Let o = 34 - 15. Calculate the remainder when 73 is divided by o.
16
Suppose -38 = -x - 0*x. Suppose 0 = 4*p - 3 - 61. Suppose p = g + 6. What is the remainder when x is divided by g?
8
Let t = 6 + -6. Let h be (7/2)/(1/14). Suppose -3*i + h = -d + 6*d, t = i - 3. What is the remainder when 23 is divided by d?
7
Suppose -2*v + 5*v = 15. Let r(u) = u**3 - 4*u**2 - 2*u - 7. Suppose 0 = 4*z - 8 - 4. What is the remainder when r(v) is divided by z?
2
Let a(f) = 4*f**2 + f - 7. Calculate the remainder when a(-6) is divided by 27.
23
Suppose 0*h - 15 = -3*h. Suppose h*n - 26 = 3*n. Calculate the remainder when 50 is divided by n.
11
Let i(r) = r**3 + 8*r**2 + 4*r + 5. Suppose 14 = 4*x - 6*x. Calculate the remainder when i(x) is divided by 14.
12
Suppose -p = 5*j - 151, -3*j + 140 = j - 4*p. Calculate the remainder when j is divided by 17.
14
Let i(p) = 144*p**2 - p - 1. Let k be i(-1). Suppose 0*v - k = -4*v - 4*w, v + 3*w = 44. Calculate the remainder when v is divided by 11.
10
Let m(j) = 25*j**2 - 3*j - 2. Calculate the remainder when 101 is divided by m(-1).
23
Suppose 0 = 5*m - 4*u + 109 - 30, 42 = -3*m - 3*u. What is the remainder when (-5)/m*(1 + 110) is divided by 13?
11
Let h(u) = u**3 - 8*u**2 - 20*u + 2. Calculate the remainder when h(10) is divided by 1.
0
Let z(l) = 8*l**2 + l - 1. Let a(y) = y**2 - 2*y. What is the remainder when z(-2) is divided by a(5)?
14
Let h(d) = 3*d - 2. Let j(c) = 6*c - 4. Let b(q) = 9*h(q) - 4*j(q). What is the remainder when b(3) is divided by (-1)/5 + (-42)/(-10)?
3
Let f be 2*-2*(-6)/(-8). Suppose -z + 45 - 6 = 0. What is the remainder when 39 is divided by f/(-6) + z/2?
19
Let c(s) be the third derivative of s**4/24 + 19*s**3/6 + 6*s**2. What is the remainder when c(0) is divided by 7?
5
Suppose 144 = 4*o - 5*g, 0*g - 97 = -3*o + g. Suppose 2*f = o - 7. Suppose 45 = q - 0*q. Calculate the remainder when q is divided by f.
9
Suppose -2 = -2*t - 12. Let i = t - -8. Suppose -3*d = i*g - 9, -2*d - 3*g = -8*g - 41. Calculate the remainder when 14 is divided by d.
6
Let t = 1 + 2. Calculate the remainder when (-51)/(-15) - (-3)/5 is divided by t.
1
Suppose -f + 5*x + 17 = -0*x, 15 = 5*x. Suppose 5*z = z + f. Calculate the remainder when 14 is divided by z.
6
Suppose -j - 2*j = -3*r - 24, -6 = -3*j - 3*r. Suppose 0 = -j*u + 4*u + 8. What is the remainder when u is divided by 5?
3
Suppose -4 = s + 1. Let d(p) = 2*p**2 - 6*p - 5. What is the remainder when d(s) is divided by 19?
18
Suppose 8*w - 36 = 5*w. What is the remainder when (-236)/(-7) + 10/35 is divided by w?
10
Let b = -18 - -26. Calculate the remainder when 39 is divided by b.
7
Suppose 2*o - 3*b - 168 = -2*b, -3*o + 252 = -5*b. Calculate the remainder when o is divided by 17.
16
Let v(b) = b + 3 - 2*b**3 + b**3 + 2*b**3. Let p be v(0). Suppose 4*i - p - 41 = 0. What is the remainder when i is divided by 6?
5
Let s(i) = -i**2 - 8*i + 7. Let x be s(-9). Let k = x + 11. What is the remainder when 17 is divided by k?
8
Let g = -2 + 2. Suppose g = -3*c + u + 19, 2*c - 7 = -2*u + 19. What is the remainder when 15 is divided by c?
7
Let r = 9 - -6. Calculate the remainder when r is divided by 4.
3
Let j(g) = 4*g + 3. Let n be j(6). Suppose -5*w - 7 + 92 = 5*h, h + n = w. Calculate the remainder when 42 is divided by w.
20
Suppose 3*m = 3*s - 1 - 14, -3*m + 15 = 0. Let b = -28 + 32. Calculate the remainder when s is divided by b.
2
Let j(s) be the third derivative of -s**5/60 + s**4/6 - 3*s**3/2 + s**2. Let t be j(7). What is the remainder when 23 is divided by ((-24)/(-15) + -2)*t?
11
Let h = -11 + 13. What is the remainder when 6 is divided by h?
0
Suppose -7 = -5*w + 4*w + 2*s, 0 = 4*w + 3*s + 16. Let q(h) = -h - 6. Let t be q(-7). What is the remainder when w + 0 + (t - -4) is divided by 3?
1
Let k(z) = -z**2 + 25*z - 41. What is the remainder when 70 is divided by k(22)?
20
Let s = -61 - -128. What is the remainder when s is divided by 23?
21
Let w(y) = y + 9. What is the remainder when 21 is divided by w(-3)?
3
What is the remainder when (-104)/24*6*-1 is divided by 9?
8
Let r be (5 - 2)/(-2 - -3). Suppose r*p = 8 + 10. Let x = -3 - -19. What is the remainder when x is divided by p?
4
Let q be ((-69)/15 - -3)*5. What is the remainder when 16 is divided by q/6*(-72)/16?
4
Suppose -3*o + w = -3 - 7, -4*o + 4*w + 8 = 0. Suppose 17 = o*v - 15. What is the remainder when 23 is divided by v?
7
Suppose 0 = 2*a - 3*a + 4. What is the remainder when 6 is divided by a?
2
Let u(y) be the second derivative of y**4/12 - 5*y**3/6 - 5*y**2/2 - 3*y. Calculate the remainder when 25 is divided by u(7).
7
Suppose 0*m + 140 = 5*m. Suppose 4*i - m = 2*i. Calculate the remainder when 25 is divided by i.
11
Suppose -2*j + 48 = 2*j. Let l = -85 + 131. Calculate the remainder when l is divided by j.
10
Suppose 3*y - 122 = 64. Let w(z) = -z**3 + 6*z**2 + 3*z - 2. What is the remainder when y is divided by w(6)?
14
Let u be 1/(-2 - 29/(-15)). Calculate the remainder when (-2)/3*(u + 0) is divided by 6.
4
Let p(n) = 7*n - 106. Let m(s) = -s**3 + 4*s**2 + 5*s - 6. What is the remainder when p(19) is divided by m(4)?
13
Suppose 4*i - 16 = 3*h, 0 = -3*i + 3*h + 11 - 2. Calculate the remainder when 20 is divided by i.
6
What is the remainder when (-66)/(-6*4/16) is divided by 12?
8
Let x = -97 - -145. What is the remainder when x is divided by 13?
9
Suppose -16 = -3*y - 5*j, 3*y - j = -y + 52. What is the remainder when 59 is divided by y?
11
Suppose 4*a + q + 2*q - 160 = 0, 0 = -2*a - 3*q + 74. Calculate the remainder when a is divided by 23.
20
Let t(r) = r**2 - 4*r + 4. Suppose d = -2*d. Suppose -q + 15 + 2 = d. What is the remainder when q is divided by t(5)?
8
Let a = 7 - 2. Let g(j) = -j**2 + 4*j - 2. Let i be g(3). Let q = i + 13. What is the remainder when q is divided by a?
4
Let m(l) = l**2 + 5*l - 8. What is the remainder when m(-12) is divided by 11?
10
Let z(o) = -o + 31. What is the remainder when z(0) is divided by (-8)/5*(-4 - 1)?
7
Suppose -2*x + 2*f = -94, 76 - 285 = -4*x - 3*f. Calculate the remainder whe